 = 2*j**3 - j - 1. Suppose -5*g + 15 = -2*g. Let y = -6 + g. What is n(y)?
-2
Suppose -3*p + 2*p = 0, -5*p + 12 = -4*w. Let k(n) = -22 + 10*n**2 + n + 20 - 9*n**2. Determine k(w).
4
Let b = 15 + -24. Let x = b + 10. Let z(s) = -s**3 + 0*s**3 - s + 0*s**3 + 3*s**2. Give z(x).
1
Let v(w) = 2*w**2 - 3*w + 9. Let t be 16/(-24) + (-20)/(-3). Let a(f) = f**2 - f + 4. Let b(h) = t*v(h) - 14*a(h). Let u = -5 + 3. Give b(u).
-2
Let n(p) = 3*p**2 - p**3 + 4 + 3*p + 2*p**2 - 2*p - 2*p**2. Calculate n(4).
-8
Let o(d) = d**2 - 11*d. Let k be o(11). Suppose k = -3*v + c + 3, 4*v - 6*c = -5*c + 3. Let j(i) = -i**2 + 2. Give j(v).
2
Suppose -4*d = y - 0 - 16, -d + 5*y - 17 = 0. Let x(q) = -q**2 + 4*q - 3. Determine x(d).
0
Suppose 24 = -4*j - 4*m, 3*j - 4*m = 4 + 6. Let r(z) = -z**3 - z**2 - 2. Give r(j).
2
Let d(q) be the first derivative of -1/3*q**3 - 2*q - 3 - 1/2*q**2. Determine d(2).
-8
Let y(s) = -s**3 + 3*s**2 + 5*s + 2. Let l be y(4). Let t(o) = -o**3 + 7*o**2 - 9*o + 8. Calculate t(l).
-10
Let a(v) = -v**2 + 5*v + 2. Let c be a(5). Suppose -i - c*i = 24. Let o(n) = -n - 6. Let j be o(i). Let u(m) = m - 1. Give u(j).
1
Let g be 10/(0 + -2) - -1. Let k be (-1)/4 + (-9)/g. Let t(y) = y - 1. Calculate t(k).
1
Let d(b) be the first derivative of -b**3/3 - 7*b**2/2 + 6*b - 7. What is d(-6)?
12
Let s(g) be the third derivative of -1/15*g**5 - 1/12*g**4 + 0 + 0*g + 4*g**2 - 1/6*g**3. What is s(-1)?
-3
Let u(t) = t**3 - 2*t**2 - 6*t + 1. Let q(h) = -2*h**3 + 5*h**2 + 12*h - 2. Let j(a) = 6*q(a) + 13*u(a). Suppose 29 = -11*p - 26. Give j(p).
6
Let i be 24/5 + 2*(-1)/(-10). Let n(c) = -3*c. Calculate n(i).
-15
Suppose 0 = 3*g - 1 + 7. Let j = -2 + g. Let u(i) be the third derivative of i**4/24 - i**3/6 - i**2. Give u(j).
-5
Suppose 0 = -0*l + l + 3. Let r(m) = 8*m - 2. Let w(o) be the third derivative of o**4/24 - o**3/6 - o**2. Let g(n) = l*w(n) + r(n). Determine g(-1).
-4
Suppose 5*x + 2*u - 6 + 1 = 0, -4*u - 17 = x. Let g(l) be the second derivative of -5/6*l**3 + 1/12*l**4 - l + 0 + x*l**2. Determine g(5).
6
Suppose -3 - 2 = -5*o. Let d(q) = -o + 4*q**2 + q**3 - 6 + 1 - 6*q. Give d(-5).
-1
Let r be (-3 - 0)*3*(-1 - 0). Let u(j) = -j**3 + 8*j**2 + 7*j + 9. Give u(r).
-9
Let u(r) = 2*r - 1. Let w = 7 + -5. Let n be u(w). Let i(x) = x + n*x**2 + 0*x**3 + 3 + 2*x**3 - x**3 + 1. Determine i(-3).
1
Let z = 2 + 3. Let m be (-1 + -2)*z/3. Let j(q) = -q + 5. Let y(x) = x - 4. Let d(w) = 6*j(w) + 7*y(w). Determine d(m).
-3
Let x = -15 - -17. Let s(m) = m - x*m + 3*m + 4 + 0*m. Calculate s(-3).
-2
Let k(s) be the first derivative of 2*s**3/3 + 5. Give k(-2).
8
Suppose -m - 3*m = -28. Let b(j) = -j**3 + 7*j**2 - 2*j + 10. Calculate b(m).
-4
Let u be 3/(-2)*8/(-6). Suppose u = -3*b + 5*t + 9, b = 2*t + 3. Let q(y) be the second derivative of y**5/20 + y**3/6 + y**2/2 - y. Determine q(b).
-1
Let a be (3/5)/((-1)/(-5)). Let w(r) be the third derivative of r**2 - 1/24*r**4 + 0 + 0*r + 2/3*r**a. Determine w(3).
1
Let d(o) = 2*o - 1. Let z be d(1). Let b = z + 9. Let j = b - 14. Let u(a) = a**3 + 4*a**2 - a + 3. What is u(j)?
7
Let d(s) = s**2 - 3*s + 4. Let r be 4 - (-2)/(-6)*0. Give d(r).
8
Let t(h) = h**3 + 2*h**2 + h - 4. Let l(s) = -s**3 - s**2 - s + 5. Let a(q) = -3*l(q) - 4*t(q). What is a(-4)?
-11
Let h = -1 + 9. Let r be 60/h*(-4)/(-6). Let l(w) = -w**2 + 5*w - 5. Give l(r).
-5
Let j(a) = 4 + 11*a + a**2 - 8*a - 2*a**2. Let r = -7 + 1. Let o = r + 11. What is j(o)?
-6
Suppose 0 = 5*q, -2*q = 3*o - 7*o + 16. Let m(r) = 5*r**2 + r**3 - 5*r**3 - o*r**2. Give m(-1).
5
Let p(n) = 1 + 4 - 14*n - 4 + 4. Let s(q) = -5*q + 2. Let t(h) = -3*p(h) + 8*s(h). Suppose 5 = 4*a + 1. Determine t(a).
3
Let m(y) = -y**3 + 2*y**3 + 1 - 4*y**2 - 575*y + 577*y. Give m(3).
-2
Let j(w) = -w**2 + 7*w - 3. Let i be ((-2)/2 + 0)*-2. Suppose i*f = -0*f + 14. Let r be j(f). Let m(c) = -c**3 - 3*c**2 + 3*c + 4. Give m(r).
-5
Suppose 3*g = -2*k - 18, 0 = 4*k - g + 4 + 18. Let s(n) = 15 - 1 + 447*n - 446*n. Calculate s(k).
8
Let p(s) = -s**3 - s**2 + s. Let i(t) = -t + 5. Let m be i(0). Suppose d - m = 1. Let n(f) = -5*f**3 - 5*f**2 + 6*f - 1. Let h(b) = d*p(b) - n(b). What is h(0)?
1
Let f(l) = 6*l**2 + 9*l + 35. Let q(d) = -d**2 - 2*d - 7. Let p(k) = -2*f(k) - 11*q(k). Give p(5).
2
Suppose 1 = 2*k + 11. Let c(y) = y - 17. Let u(i) = i - 12. Let d(a) = -2*a + 23. Let n(q) = 3*d(q) + 5*u(q). Let b(z) = k*n(z) - 3*c(z). What is b(-4)?
-2
Let q(j) = 2*j**2 + 2*j - 5. Let f be q(-4). Let u(k) = -2 - 1 + f*k - 21*k. Suppose 3*y = -3*p - 12, 12 = -3*y + 2*p + 3*p. Calculate u(y).
5
Suppose -11 = -f + 3*f + 5*v, 0 = 3*f - v - 26. Let a(n) = 2*n - 1. What is a(f)?
13
Suppose -11*a + 5*a + 12 = 0. Let k(w) = -w. Calculate k(a).
-2
Let n(f) be the first derivative of f**3/3 + 3*f**2 + 2*f - 3. Let l = 7 - 3. Suppose 0 = i + 8 - 3, l*t + 36 = -4*i. Calculate n(t).
-6
Let d(i) be the first derivative of -i**2/2 + 6*i - 7. Let s be 1/4 + (-23)/(-4). What is d(s)?
0
Suppose 4*s = -0*s + 8. Let k(r) = 12*r**2 - 3 + 3*r + 9*r**2 - 19*r**s. Give k(-3).
6
Let u(l) be the third derivative of -l**4/24 + l**3/6 - 18*l**2. Give u(0).
1
Let y(m) = -m**2 - 9*m - 10. Let v be y(-7). Let u(d) be the first derivative of -d**4/4 + 5*d**3/3 - 3*d**2 + 2*d - 4. Give u(v).
-6
Let j(y) be the second derivative of y**8/840 + y**7/1260 - y**6/720 - y**4/6 - 3*y. Let i(c) be the third derivative of j(c). What is i(1)?
9
Suppose -2*j + 5*f - 11 = 0, -3*j = -3*f + 7*f - 18. Let r(q) = -q + q**j - 2*q - 2 + 1. Suppose -2*m + 3 = 5*b, 0 = -4*m + b + 2*b + 19. What is r(m)?
3
Let v be 2/(-8) + (-2)/(-8). Let y = v + -1. Let o(s) = 17*s + 1 - 14*s - 2*s. Determine o(y).
0
Let j(z) = 22*z**2 + 2*z - 1. Let r(x) = 43*x**2 + 4*x - 3. Let n(i) = -5*j(i) + 2*r(i). What is n(-1)?
-23
Let a(p) = -p**3 + 6*p**2 + 2*p - 9. Let o be a(6). Let v(b) = 2 + b**2 + 0 + 0. Determine v(o).
11
Let n(p) = -p**2 + 3*p. Let s(t) = -5 - t + 4 + 0. Let j be s(-5). Suppose 2*g - 3*k = -j*k + 1, g - 28 = 5*k. What is n(g)?
0
Let x(s) be the first derivative of -s**3 - s**2/2 - 3*s + 4. Let g(l) be the first derivative of x(l). Calculate g(2).
-13
Let z = 66 - 67. Let p(n) = -22*n + 1. Give p(z).
23
Suppose -4*v = -4*x + 16, 7*x - 2*v - 20 = 3*x. Let u(s) = s - 1. Determine u(x).
5
Suppose -3*j + 0*j + 3*y = 0, -3*y = 2*j - 15. Let h(d) = -d**2 + d + 3. What is h(j)?
-3
Let m be (-2 + -1)*(-4)/3. Let z(g) = -g**3 + 4*g**2 - 2*g - 1. Let x be z(3). Let l(y) = 32*y - 2*y**3 - 4 + 3*y**3 - 3*y**x - 36*y. Determine l(m).
-4
Let i(g) = -g + 1. Let j be i(-3). Suppose j*m - 2 = -26. Let s(k) = k + 6. Calculate s(m).
0
Let o(r) = -4*r**2 - 2*r + 1. Suppose -t - 1 = -2. What is o(t)?
-5
Let c(f) = -f - 5. Let j = -4 - 2. Determine c(j).
1
Let f(g) = -9*g**2 + 2*g + 1. Let c be ((-30)/(-75))/((-4)/10). Calculate f(c).
-10
Let f(o) be the first derivative of 1/2*o**2 - 3*o - 3. Determine f(5).
2
Let d(b) be the first derivative of b**3/3 + 10*b - 17. Suppose 3*o = 4*j - 4, -4*o - 3*j - 1 = -4*j. Calculate d(o).
10
Let m(x) be the second derivative of -x**4/12 - x**3/6 - x**2/2 - 35*x. Determine m(-1).
-1
Let s(j) be the third derivative of 1/8*j**4 + 6*j**2 + 0*j + 1/10*j**5 + 1/120*j**6 - 1/6*j**3 + 0. What is s(-5)?
9
Let h(w) = 3*w + 1 - 3*w + w + 4*w**2 - 5*w**2. Suppose -2*d = d - 15. Suppose -d*z - 9 = 1. Give h(z).
-5
Let g(y) = -2*y - 2. Let s be g(-3). Suppose -3*z + 5 = -0*z - 4*r, -s*z + 11 = -r. Let i(p) = 4 + z + p - p**2 + 2*p - 2. Determine i(4).
1
Let u(w) = -4*w - w**3 + 0*w - 6 + 21*w**2 + 18*w**2 - 33*w**2. Give u(5).
-1
Let d(m) = -m**2 - 6*m - 5. Let u(k) = -k**3 + 20*k**2 + 46*k - 49. Let p be u(22). Determine d(p).
0
Let m(q) = -q**2 + 4*q - 3. Let b(w) = -w + 1. Let n(r) = 3*b(r) + m(r). Let g = 6 - 8. Let p be g/8 - (-15)/12. Give n(p).
0
Let u(s) = 2*s + 4. Let o(r) = -r**3 + 3*r**2 + 6*r - 4. Let h be o(4). Suppose h*j + 23 = 3. Give u(j).
-6
Let g(a) = a + 4. Let h be g(0). Suppose -h*v = -x - 8 + 3, -x = -v + 2. Let k(t) be the second derivative of -5*t**3/6 + t. Give k(x).
5
Suppose 3*o = -3 - 3. Let v be 2/1 - 4/o. Let b(q) = 2*q + 0 + 1 - v*q. What is b(-4)?
9
Suppose 3*i - q = -10, 0 = i + i - 5*q + 24. Let m(w) be the second derivative of w**3 + 3*w**2/2 + w. Determine m(i).
-9
Let y be (-20)/(-15)*3/2. Let t(a) = y + 1 + a**2 + 6*a 